isor of 1361590 and 1128.
94
What is the highest common factor of 2464541 and 68?
17
What is the highest common divisor of 3115369 and 8683?
457
Calculate the highest common factor of 2970354 and 1566.
174
Calculate the highest common factor of 382336 and 11774754.
5974
What is the highest common factor of 963473 and 91?
7
What is the greatest common divisor of 21384 and 13924872?
1944
Calculate the highest common divisor of 596008 and 56.
56
What is the highest common divisor of 296 and 3206296?
8
Calculate the greatest common factor of 32919184 and 3156.
1052
What is the highest common factor of 11907 and 5579361?
81
What is the greatest common divisor of 113841 and 3173787?
1251
What is the greatest common factor of 671446 and 9718?
226
What is the highest common factor of 3 and 4824751?
1
Calculate the highest common divisor of 10850 and 1103662.
434
Calculate the highest common factor of 2830479 and 51661.
2719
Calculate the greatest common divisor of 7795526 and 11818.
622
Calculate the highest common factor of 28735876 and 90857.
3133
What is the highest common divisor of 1063633 and 667?
29
What is the highest common factor of 1623 and 376169743?
541
What is the greatest common divisor of 676261413 and 27?
27
What is the greatest common factor of 157762 and 8784677?
1111
What is the highest common factor of 5033 and 37725211?
719
Calculate the highest common factor of 2466 and 5046532.
274
What is the highest common divisor of 106843 and 100309?
121
What is the greatest common factor of 1077498 and 67518?
558
Calculate the greatest common divisor of 16 and 542839696.
16
What is the highest common factor of 4816056 and 34979?
1841
What is the highest common divisor of 9 and 191914749?
9
What is the greatest common divisor of 48 and 9699588?
12
Calculate the greatest common divisor of 229296 and 385832.
136
What is the highest common factor of 4736565 and 122538?
4713
Calculate the highest common divisor of 123555936 and 224.
224
Calculate the greatest common divisor of 329016 and 26328.
24
What is the greatest common factor of 189227789 and 39651?
13217
Calculate the highest common divisor of 1606088609 and 2689.
2689
What is the greatest common factor of 146765 and 3663165?
745
Calculate the highest common factor of 774004140 and 7980.
7980
What is the highest common divisor of 1425858 and 263058?
102
Calculate the greatest common divisor of 19486524 and 7275.
291
What is the highest common factor of 2241868 and 274097?
4091
What is the greatest common divisor of 1311319 and 6224?
389
What is the highest common divisor of 2600144 and 85277?
1609
What is the highest common divisor of 297532039 and 10906?
5453
Calculate the greatest common divisor of 210 and 96679686.
6
What is the greatest common factor of 357210 and 183006?
54
What is the greatest common factor of 3131052 and 318?
6
What is the highest common divisor of 4420 and 3919435?
1105
What is the highest common factor of 177861383 and 21?
7
What is the highest common factor of 375 and 33465405?
15
Calculate the highest common divisor of 67437 and 648081.
1143
What is the highest common factor of 3036 and 319764?
12
What is the greatest common divisor of 37 and 143697566?
37
What is the greatest common divisor of 6561 and 734346?
243
Calculate the highest common divisor of 27062 and 1624.
14
Calculate the highest common factor of 17019530 and 110.
110
Calculate the greatest common factor of 11 and 497153569.
11
Calculate the greatest common factor of 128169079 and 361.
361
What is the highest common factor of 29722791 and 35?
7
What is the greatest common divisor of 73809 and 24?
3
What is the greatest common divisor of 4257 and 302049?
99
Calculate the greatest common factor of 3480 and 5479608.
696
Calculate the greatest common divisor of 372 and 1633204.
124
Calculate the highest common factor of 1293792 and 318.
6
Calculate the greatest common factor of 825 and 3024675.
75
What is the highest common divisor of 3672 and 100181544?
408
What is the greatest common divisor of 138195 and 37407?
111
What is the greatest common factor of 50491021 and 49?
49
Calculate the highest common divisor of 80 and 2025510.
10
Calculate the highest common divisor of 771 and 31793727.
771
What is the highest common factor of 957 and 139983?
87
What is the greatest common factor of 917072 and 1846?
26
What is the greatest common factor of 11200178 and 374?
374
Calculate the greatest common factor of 1667780 and 620.
20
What is the greatest common factor of 3616214 and 658?
14
What is the highest common factor of 5384 and 29511723?
673
Calculate the greatest common factor of 3355975 and 72009.
889
Calculate the highest common factor of 99 and 30239176.
11
Calculate the highest common divisor of 18050690 and 6790.
70
What is the greatest common divisor of 21265667 and 17437?
2491
What is the greatest common divisor of 89856 and 164502?
234
What is the greatest common divisor of 98 and 151552?
2
Calculate the highest common factor of 72 and 52794312.
24
What is the greatest common factor of 10638 and 166482?
54
Calculate the greatest common divisor of 2223 and 6524388.
117
Calculate the highest common factor of 20 and 4616584.
4
What is the highest common factor of 72770 and 2263530?
3830
Calculate the greatest common factor of 94898547 and 447.
447
What is the greatest common divisor of 744 and 50582016?
24
What is the highest common factor of 5418 and 849528?
18
Calculate the greatest common divisor of 727177407 and 2277.
759
Calculate the highest common factor of 685613187 and 4347.
4347
What is the greatest common divisor of 68 and 4129079?
17
Calculate the highest common factor of 2597 and 236229.
49
What is the greatest common divisor of 8204526 and 484?
242
Calculate the greatest common factor of 14019190 and 1840.
230
What is the greatest common factor of 1377 and 6691761?
459
What is the greatest common divisor of 1729 and 237006?
133
What is the highest common divisor of 335370 and 3193260?
210
What is the greatest common factor of 108399038 and 374?
374
Calculate the highest common divisor of 8718 and 4650.
6
What is the highest common divisor of 3489233 and 117512?
397
Calculate the highest common divisor of 18291 and 45019.
13
Calculate the greatest common divisor of 35310 and 7500165.
1605
Calculate the highest common divisor of 561 and 271847.
17
Calculate the highest common divisor of 141 and 19188079.
47
What is the greatest common divisor of 390 and 4472975?
65
What is the highest common divisor of 47998331 and 8282?
4141
What is the greatest common divisor of 194375 and 27057?
311
Calculate the highest common factor of 3238 and 527938091.
1619
Calculate the highest common divisor of 2636 and 430888.
4
What is the highest common divisor of 888 and 9556212?
444
Calculate the highest common factor of 687347 and 8900.
89
What is the highest common factor of 2308 and 1647?
1
What is the highest common divisor of 587544 and 14?
2
What is the greatest common factor of 381719257 and 2876?
719
Calculate the greatest common factor of 77738 and 575891.
47
What is the greatest common divisor of 1990585822 and 409?
409
What is the highest common factor of 24668612 and 19?
19
What is the greatest common divisor of 2265094 and 117?
13
What is the highest common factor of 3733797 and 371?
53
What is the highest common factor of 241613 and 5396?
71
Calculate the greatest common divisor of 96853280 and 640.
160
What is the highest common divisor of 4092 and 4589519?
341
Calculate the greatest common factor of 3404 and 968407364.
3404
What is the highest common divisor of 546304 and 242?
22
What is the highest common divisor of 2080 and 1610570?
130
What is the highest common divisor of 355044337 and 302?
151
What is the greatest common divisor of 17183687 and 706?
353
What is the highest common factor of 1619870793 and 542?
271
Calculate the greatest common divisor of 234523 and 957.
29
Calculate the highest common divisor of 98943 and 110123.
559
What is the highest common factor of 429 and 139336626?
429
Calculate the highest common factor of 6542244 and 48.
12
What is the greatest common divisor of 6697 and 847056651?
6697
Calculate the highest common divisor of 164318277 and 224568.
9357
